{"id":725,"date":"2023-05-23T18:03:58","date_gmt":"2023-05-23T18:03:58","guid":{"rendered":"https:\/\/tipoink.com\/invictus\/?post_type=product&#038;p=725"},"modified":"2026-04-17T15:29:30","modified_gmt":"2026-04-17T15:29:30","slug":"invictus-one","status":"publish","type":"product","link":"https:\/\/www.celmar-media.com\/invictus\/proizvod\/invictus-one\/","title":{"rendered":"Invictus One"},"content":{"rendered":"<p>Invictus One je ultimativni mo\u0107ni, prijenosni, lagani be\u017ei\u010dni usisava\u010d za sve one nerede koji zahtijevaju hitnu pozornost unutar i izvan va\u0161eg doma.<\/p>\n<p>Zahvaljuju\u0107i njema\u010dko projektiranom dvostrukom sustavu filtriranja, uspje\u0161no i temeljito eliminira prljav\u0161tinu, pra\u0161inu i alergene u zraku!<\/p>\n<p>Invictus One be\u017ei\u010dni, ru\u010dni usisava\u010d ima sna\u017ean BLDC motor visokih performansi koji stvara 90 W usisne snage sadr\u017eane u tako tankom, laganom dizajnu.<\/p>\n<p>Invictus One savr\u0161en je primjer sljede\u0107e generacije u ru\u010dnom, be\u017ei\u010dnom usisava\u010du!<\/p>\n<p>Invictus One dolazi s prakti\u010dnom stanicom za punjenje koju mo\u017eete postaviti na bilo koju radnu povr\u0161inu, tako da je uvijek spreman, napunjen i pri ruci!<\/p>\n<p>Uz osnovan usisava\u010d Invictus One, dolazi i nekoliko dodataka koji vam omogu\u0107uju da uspje\u0161no i temeljito po\u010distite i naju\u017ee, uske prostore, ispod, oko i iza namje\u0161taja, gdje god treba pokupiti nered.<\/p>\n","protected":false},"excerpt":{"rendered":"<p>Invictus One je ultimativni mo\u0107ni, prijenosni, lagani be\u017ei\u010dni usisava\u010d za sve one nerede koji zahtijevaju hitnu pozornost unutar i izvan va\u0161eg doma.<\/p>\n","protected":false},"featured_media":1129,"template":"","meta":[],"product_cat":[65],"product_tag":[],"class_list":["post-725","product","type-product","status-publish","has-post-thumbnail","hentry","product_cat-proizvodi-2"],"_links":{"self":[{"href":"https:\/\/www.celmar-media.com\/invictus\/wp-json\/wp\/v2\/product\/725","targetHints":{"allow":["GET"]}}],"collection":[{"href":"https:\/\/www.celmar-media.com\/invictus\/wp-json\/wp\/v2\/product"}],"about":[{"href":"https:\/\/www.celmar-media.com\/invictus\/wp-json\/wp\/v2\/types\/product"}],"wp:featuredmedia":[{"embeddable":true,"href":"https:\/\/www.celmar-media.com\/invictus\/wp-json\/wp\/v2\/media\/1129"}],"wp:attachment":[{"href":"https:\/\/www.celmar-media.com\/invictus\/wp-json\/wp\/v2\/media?parent=725"}],"wp:term":[{"taxonomy":"product_cat","embeddable":true,"href":"https:\/\/www.celmar-media.com\/invictus\/wp-json\/wp\/v2\/product_cat?post=725"},{"taxonomy":"product_tag","embeddable":true,"href":"https:\/\/www.celmar-media.com\/invictus\/wp-json\/wp\/v2\/product_tag?post=725"}],"curies":[{"name":"wp","href":"https:\/\/api.w.org\/{rel}","templated":true}]}}